digit of (5 + 1)*3/((-9)/d)?
0
Suppose 38*y - 16390 = 27*y. What is the thousands digit of y?
1
Let c(w) = 3*w**2 - w - 14. Let f be c(7). Let y = 455 - f. What is the hundreds digit of y?
3
Let s(g) = -8328*g - 611. What is the hundreds digit of s(-2)?
0
Let t = -1815 - -7046. What is the thousands digit of t?
5
Let f = -30028 + 72126. What is the thousands digit of f?
2
Suppose -m - 5*o = -672, -25*o + 24*o + 2821 = 4*m. What is the hundreds digit of m?
7
Suppose m = -2*m + 708. Let p be -121 + 18/30*10. Let q = p + m. What is the hundreds digit of q?
1
Let q = 39700 - 22421. What is the ten thousands digit of q?
1
Let n(w) = -77*w**3 + 12*w**2 + 32*w - 18. What is the hundreds digit of n(-5)?
7
Let l(x) = -x**3 - 5*x**2 - 2*x - 3. Let d(m) = -m + 16. Let a be d(21). Let g be l(a). Suppose g*b = -b + 1144. What is the tens digit of b?
4
Suppose 5*r + 2*z - 7*z = -5, 23 = -5*r - 4*z. Let y be (11 + 1)*(-8)/(-4). What is the units digit of (507/24 - 1) + r/y?
0
Let l(k) = -389*k + 3108. What is the tens digit of l(-13)?
6
Let x(q) = q**2 + 12*q - 13. Let f be x(-13). Suppose f = -5*j + 1 + 24. Suppose -60 = -2*v + 2*u - 4, -4*u - 140 = -j*v. What is the units digit of v?
8
Suppose -5*x - 79 = 11. What is the units digit of (-15)/x - (-2858)/12?
9
Let k(o) be the first derivative of 4*o**3 - 7*o**2/2 + 16*o + 21. Let j be (-3 + (-1)/(-1))/((-2)/4). What is the hundreds digit of k(j)?
1
Let w(c) = 20 + 4 - 4 + 5 + 2*c. Let j(t) = t + 15. Let n be j(-5). What is the units digit of w(n)?
5
Let w = 8147 + -3375. What is the hundreds digit of w?
7
Suppose 252*c - 53*c - 25692229 = -250*c. What is the tens digit of c?
2
What is the tens digit of 42424 + (-35)/14*4?
1
Let f(u) = -72*u**2 - 20*u + 51. Let l(g) = -24*g**2 - 7*g + 17. Let n(q) = -3*f(q) + 8*l(q). Let r be n(3). Let v = r - 89. What is the units digit of v?
2
Suppose 3*q - 127 = 113. Let i = 554 - q. What is the hundreds digit of i?
4
Let x(q) = -q**3 - 43*q**2 + 78*q - 611. What is the hundreds digit of x(-49)?
9
Let p(h) = -9038*h - 16043. What is the thousands digit of p(-9)?
5
Suppose -62460 - 92212 = -56*y. What is the tens digit of y?
6
Suppose 16*a - 1832 = 43513 + 18223. What is the units digit of a?
3
Suppose -68*y + 880698 - 691551 = -934213. What is the ten thousands digit of y?
1
What is the units digit of 352527/84 + (-2)/(-8)?
7
Let j = -1837 + 4377. Suppose -20*q = -760 - j. What is the tens digit of q?
6
What is the tens digit of ((-576)/(-384))/((-1)/(-6832))?
4
Suppose -h - 2*u - 629 = -10668, 40129 = 4*h - u. What is the tens digit of h?
3
Let y(t) = -105*t + 127. What is the tens digit of y(-16)?
0
Suppose 4*a - 3*r + 7*r - 44 = 0, 0 = -a - 5*r + 27. Let t(q) = 39*q - 35. What is the tens digit of t(a)?
3
Let f be -27*((-1)/(-3) - (-56)/(-6)). Suppose 0 = 5*m - 5294 + 779. Suppose f = 6*c - m. What is the units digit of c?
1
Suppose 62*i - b = 58*i + 671, 6 = -2*b. What is the hundreds digit of i?
1
Let i(a) = -a**3 - 9*a**2 + 20*a - 15. Let r be i(-11). What is the tens digit of (r + -3)/((-4)/(-3)) - -539?
4
Suppose -16*q + 825 = 39*q. Suppose 1689 + 12636 = q*d. What is the hundreds digit of d?
9
Suppose 152771 = 2*l - 5*y + 43247, -l + 54717 = 5*y. What is the units digit of l?
7
Let d be 2/(-9) - (-29)/9. Suppose d*t + 3*p = 1293, 154 = 2*t + 5*p - 693. Suppose 320 = 3*w - 2*u, 6*w = 2*w + 5*u + t. What is the units digit of w?
4
Let k = 26287 + -8953. What is the hundreds digit of k?
3
Let o(n) = 4407*n - 10653. What is the units digit of o(10)?
7
Let v = -195 - -373. Suppose 283 = 3*l - u, -4*u - v = -2*l - 6*u. What is the tens digit of l/(5/2*1/5)?
8
Let t(h) = 2*h**3 - 3*h - 83. Let x be t(0). Let l = x + 616. What is the tens digit of l?
3
Suppose 8*c - 15 = 3*c, 0 = 3*x - 2*c + 300. Let g = 167 + x. Suppose -5*o - 4*z + 805 = 0, -5*z = -2*o + 358 - g. What is the tens digit of o?
5
Let t(s) = 20*s**3 + s + 3. Let u be t(2). What is the units digit of 30/(88/u*6/8)?
5
Let a = 150 + -145. Suppose 5*t + 1515 = a*i, i = -0*i - t + 313. What is the tens digit of i?
0
Let k = 67 - 67. Suppose -2*a = -u + 102, 2*u - 2*a - 129 - 83 = k. What is the tens digit of u?
1
Let g = 161 - 403. Let t = g + 402. What is the units digit of t?
0
Let j = 34 - 24. Suppose j*l - 27 = l. Suppose 4*f = 2*v - 324, l*v + 137 = 4*f + 613. What is the tens digit of v?
5
Let c(p) = 226*p**3 - 5*p**2 - 5*p + 70. What is the hundreds digit of c(4)?
4
Suppose 2*q + 2*g - 2 = -0, 5 = g. Let i be 3 + (q - -1) + 2 + 1. Let y(m) = 3*m**3 - m**2 - m - 3. What is the tens digit of y(i)?
6
Let s(j) = -12*j**2 - 3*j - 4. Let m be s(-2). Let c = m + 34. What is the units digit of ((-159)/12)/(3/c)?
3
Let k = -75 - -258. Let q = 8 + -5. Suppose -4*c = y - k, -c + 233 = 4*c - q*y. What is the units digit of c?
6
Let t(j) = j**3 + 25*j**2 - 39*j - 32. Let i be t(-26). Suppose -9*c = -i - 369. What is the tens digit of c?
7
Let v = 125 + -109. Suppose -7*d = -v*d - 4347. What is the units digit of 1/((-4)/(-14) - (-117)/d)?
3
Let v be (-15)/25*-5 + -1. Let g(l) = -6*l**v + 0*l**2 + l**2 + 2*l**2 + l**3 - 5. What is the tens digit of g(4)?
1
Suppose -2*u + 4*u - 3*f = 44, 5*u - 2*f - 121 = 0. Let m(j) = j**3 - 23*j**2 + 10*j + 30. What is the units digit of m(u)?
0
Let i = 62716 + -34802. What is the thousands digit of i?
7
Let y(u) = 3*u + 8. Let d be y(-3). Let m(o) = o + 3. Let p be m(d). What is the tens digit of (7 - 1 - p)*(-50)/(-4)?
5
Suppose -2*u = -5*u + 15. Suppose 6*i - 335 = u*i. Let h = -123 + i. What is the tens digit of h?
1
Let t = 49 + -46. Let i(g) = 2*g**t - 10*g + 14*g**2 + 610 - 3*g**3 - 617. What is the hundreds digit of i(5)?
1
Suppose 0 = 2*z + 4*c - 8, -2*c - 3*c = 3*z - 10. Suppose -3*m - 2*m + 930 = z. What is the tens digit of m?
8
Suppose -x + x = -3*x. Suppose f - 4*r - 215 = -x*f, -5*f = -5*r - 1135. Let i = -31 + f. What is the units digit of i?
0
Let t(m) be the third derivative of 7*m**5/30 + 2*m**4/3 + 3*m**3 + 15*m**2 - 4. What is the hundreds digit of t(10)?
5
Suppose 138 = -7*v + 173. Suppose v*o - 2060 = 2*f, 8*f - 5*f = -2*o + 843. What is the tens digit of o?
1
Suppose -32 = -5*t - 11*t. Let g(n) = 2*n**2 - 2*n**2 + 0*n**2 + 3*n**2 + 10*n - t. What is the hundreds digit of g(-8)?
1
Suppose -1126 = -2*h + 2*n, -4*n + 6*n + 568 = h. Suppose 21*v - 156 = h. What is the tens digit of v?
3
Let a be ((-8)/(-6))/(12/18 - 1). Let f be 10/a*7188/(-30). Let t = f + -323. What is the units digit of t?
6
Suppose 2 = -m + 2*s, -2*s = s - 9. Suppose -2*p = -5*w - 146, w + m*w = 0. Let i = -25 + p. What is the units digit of i?
8
Let h(l) = -l + 21. Let g be h(20). Let m be (g - 0/(-2)) + 0 - -2. Suppose -5*a + 159 = 3*f - 3*a, -m*f + 2*a = -147. What is the tens digit of f?
5
Let f(s) = 66*s**2 - 33*s - 124. What is the tens digit of f(-5)?
9
Suppose -3*q + 0*j = 4*j - 10, -q - 2*j = -4. Suppose 4*r - 64 = -4*k, -3*k - 3*r = -q*r - 52. Suppose 0 = 22*a - k*a - 1020. What is the units digit of a?
5
Suppose 3*v + 38907 = 2*z, 2*v = 33*z - 29*z - 77802. What is the units digit of z?
9
Let m(y) = y**3 - 40*y**2 + 77*y - 16. Let g be m(38). What is the hundreds digit of ((-2)/3)/(g/51645*-5)?
3
Let w(h) = h**2 + 49*h - 62. Let c be w(-54). Suppose c = -5*f + 6*f + 3*u, 624 = 3*f - u. What is the hundreds digit of f?
2
Let u(l) = 10*l**2 - 3*l + 77. What is the tens digit of u(16)?
8
Let d = -732 - -473. Let g = -186 - d. What is the tens digit of g?
7
Let u(o) = -26*o**3 - 2*o**2 - 3*o - 2. Let p = -13 + 16. Suppose -p*v + 3 - 6 = 0. What is the units digit of u(v)?
5
Let q = -35098 + 59029. What is the thousands digit of q?
3
Let u = -21 + 44. Let b = u + -26. What is the units digit of b/(((-27)/(-168))/(-3) + 0)?
6
Let f(g) = -155*g + 98. Let i be f(-5). Suppose i = 5*j - l, 2*j + 159 = 3*j + 5*l. What is the hundreds digit of j?
1
Let s be (8 - 5)*(-10)/(-6). Suppose -4*o + p + 46 = 0, 0*o - s*o + 4*p + 52 = 0. Suppose 13*l - o*l = 2. What is the units digit of l?
2
Suppose 0 = -5460*k + 5463*k - 3*c - 66309, k = 4*c + 22091. What is the tens digit of k?
0
Suppose w - 17855 = -2*c + 26460, -4*c + 4*w = -88612. What is the tens digit of c?
5
Let n(v) = -8*v**3 + 2*v**2 + 20*v + 49. What is the tens digit of n(-3)?
2
Let k(z) be the first derivative of 37*z**3/3 - 4*z**2 - 